r be 166/6 + (-4 - 10/(-3)). Is (1212 - -1)/(9/r) prime?
False
Suppose 2*t - 1187 = -5*z, -z + 238 = -3*t + 4*t. Suppose 0 = -4*k + 2*j + 178 + 134, -3*j - z = -3*k. Is k + 2 + -4 - -2 a prime number?
False
Is 4/((-16)/(-5592108)) + -198 + 202 a composite number?
False
Suppose -5*k + 200 = -4*w, -4*k + 3*w + 54 = -106. Is 19819/4 + 10/k a composite number?
True
Suppose 33*b + 63341 - 592826 = 0. Is b composite?
True
Let j(x) = -4*x - 10. Let g be j(-3). Is ((-23683)/(-33))/(g/6) composite?
False
Let j = -149 - -151. Suppose j*z - 1151 - 627 = 0. Is z composite?
True
Let b = 109945 - 21074. Is b a composite number?
True
Suppose 2272 = 2*y - 3*u - 13020, 4*y + 2*u = 30600. Suppose 11*l = y + 8598. Is l prime?
False
Suppose -141*a - 15729457 = -49182694. Is a composite?
False
Let s = -474 - -674. Suppose -s = 7*h + 38. Is (h/2)/(7/(-329)) a prime number?
False
Let f(q) = 6653*q - 16. Let w be f(2). Suppose 0 = -4*i - i + k + 13260, -5*i - 5*k + w = 0. Is i composite?
True
Let l be ((-24)/(-27))/(4/18). Suppose -3*x - 152 - 366 = -z, l*z + 5*x = 2157. Is z a composite number?
True
Suppose 0 = -2*m - y - 0*y + 22, 4*m = 5*y + 30. Suppose 6*v = m*v - 5888. Suppose 0 = 3*x + t - 888, -5*x + 0*t + v = -t. Is x prime?
False
Suppose 4*j - 3*b - 2896 - 4810 = 0, -j + 1920 = -4*b. Let p = -969 + j. Is p composite?
True
Let y(s) = -147*s + 5. Let p be y(12). Is (-11)/((-11)/(-2)) - p prime?
False
Let p(h) = h**3 - 3*h**2 + 48*h + 218923. Is p(0) a composite number?
False
Is 2510/(-250) - -10 - (-1010374192)/425 composite?
False
Let p be ((-20)/4 + 5)/(-3). Is (1 - -1437) + 3 + p a prime number?
False
Suppose 6*j = j + 5*q - 45, 5*j = -2*q - 80. Let y be (8/j)/((-8)/8708). Suppose -c + y = -357. Is c a composite number?
True
Let y = -158 + 164. Suppose 7*k - y*k = 1393. Is k a composite number?
True
Let i(b) = 33100*b**2 + 8*b + 85. Is i(-3) a composite number?
True
Let z = -210 - -536. Suppose z + 380 = o. Suppose -5*v - 71 = -o. Is v a composite number?
False
Let n(c) = -3 + 1623*c + 1304*c - 482*c + 14. Is n(4) prime?
True
Suppose -w + 2*x + 98733 = 3*x, 3*w = -2*x + 296194. Suppose 10540 = -12*k + w. Is k prime?
True
Let s = -88 - -163. Let d = s - 66. Suppose -d*m = -14*m + 895. Is m a composite number?
False
Suppose -33*q + 1102128 = -9*q. Is q a prime number?
False
Suppose 0 = -3*s + 3, 2*c - 3 = s + 4. Suppose c*v + 10 = -6, 0 = r + 2*v + 895. Is (-11 - -12) + -1*(1 + r) a composite number?
False
Let y(u) = 63*u**2 - 3*u - 6. Let d be y(-1). Is -28*((-1371)/d + (-30)/(-50)) a composite number?
True
Let y = 125953 - 37026. Is y a composite number?
True
Suppose -2*k = -l + 101673, 0 = 4*l + 3*k - 448565 + 41851. Is l a composite number?
True
Suppose f - h - 97 = -0*f, -5*f + 2*h = -491. Suppose 2*v + 899 = -f. Is 3/(-2)*(v/3 - 1) composite?
False
Let v = 72014 - -53169. Is v composite?
False
Let h be (-15)/(-12) + (-2)/8. Suppose 0 = 5*r - 26 + h. Is (-8589)/(-15) + 69/(-15) + r a prime number?
False
Is 560/(-4200) - 259534/(-30) a prime number?
False
Suppose 0 = -2*x + 5*t + 19168, -5*t + 9*t = -5*x + 48019. Is x a composite number?
True
Let y(z) = 3*z**3 - 4*z**2 + 6*z - 2. Let b = 13 - 7. Let s be y(b). Let m = s - 59. Is m a prime number?
True
Let i be 2/(-7) - (-629)/119 - 480. Let k = i - -4301. Is k composite?
True
Let o = 147 - 152. Let w(h) = 3*h**2 - 3*h - 11. Is w(o) a prime number?
True
Let z(i) = 34389*i**3 + 12*i**2 + 5*i + 11. Is z(3) prime?
True
Let x = 521952 - -570097. Is x prime?
False
Let k be -2*((-8)/(-56) - 130/28). Is ((-37722)/(-18))/(2 - 15/k) a prime number?
True
Let y = 714 + -745. Is (y/5)/((-5)/1175) prime?
False
Let h = -123 + 125. Suppose -14*j + 16785 = -9*j - 4*a, 10049 = 3*j + h*a. Is j a composite number?
True
Let s(h) = 387*h - 44. Is s(11) composite?
True
Suppose 4*j - 2*d = 3*d + 11, -5*j + 5*d + 15 = 0. Let h = 493 + -493. Suppose 152 = j*w - 5*z, 4*w - 4*z + z - 152 = h. Is w prime?
False
Suppose 44*r = 36*r - 38272. Let c = r + 8071. Is c composite?
True
Let f = 15 - 19. Let x be (-200)/((-172)/(-44) + f). Suppose -x = -6*i + 314. Is i a prime number?
True
Let y be (-1)/(-3) + (-144)/(-54). Suppose -6162 = -y*k + 6951. Let g = k + -1304. Is g composite?
False
Let d(m) = 7266*m**2 + 73*m - 151. Is d(2) composite?
False
Let l(o) = 3*o**2 + 2*o - 4. Let s be l(-2). Suppose 3*n - 15 = 2*u, 20 = u - 5*u + s*n. Suppose -3*y = -4*x + 2*y + 883, -3*x - 3*y + 642 = u. Is x prime?
False
Suppose -6 = -3*c + 9. Suppose -5*a + 16 + 5 = -2*j, 2*j = -c*a + 29. Suppose -2*i + 3*x = 5*x - 506, a*i + 4*x = 1263. Is i a prime number?
True
Suppose 6*j + 202 = -2*r + 4*j, 2*j + 104 = -r. Let h = r + 103. Is (161 + -2)/(2 - (h - 6)) prime?
True
Let l = -304398 - -490345. Is l prime?
True
Let w = -15802 + 29506. Suppose 417 = -5*d + 2*s + w, 2*s = -3*d + 7969. Is d composite?
False
Suppose -9 = 3*d, -2*k - 12 = 5*d + 9. Is k + (2 + (-2 - 2))*-2852 a composite number?
False
Let j(u) = 653*u**2 + 18*u + 44. Is j(-5) a composite number?
True
Suppose 4*g + 421 - 1525 = 0. Let n(x) = x**2 + 3*x. Let d be n(-4). Suppose d*v = -0*v + g. Is v prime?
False
Let j be ((-259)/14)/((-1)/1562). Suppose -28905 = -n + s + 4*s, j = n - s. Is n a prime number?
False
Let z(w) = -w**2 + 14*w - 42. Let b be z(7). Suppose 141 = b*c + 92. Suppose c*i - 5*i = 3382. Is i a prime number?
False
Suppose 1 - 13 = -4*m. Suppose 0 = m*n - t - 994, n - 2*t = 4*n - 1009. Let s = n + 94. Is s composite?
True
Let h(v) = 72*v + 3. Suppose 0*r + 16 = 4*r. Let f be h(r). Suppose -2*k - 4*u + 0*u + 562 = 0, k - f = -4*u. Is k a prime number?
True
Let z(m) = 23*m**2 - 3*m + 28. Let l(j) = -45*j**2 + 7*j - 55. Let w(b) = 4*l(b) + 7*z(b). Let x be w(10). Let d = -1067 - x. Is d prime?
True
Let k(d) = -d**2 + 5*d + 8. Let i be k(6). Suppose -187 = -5*w + 4*w + i*n, 4*w - 742 = 2*n. Suppose -4*c = 5*y - 17 - w, -3*c = 2*y - 85. Is y composite?
True
Let s = -88 - -98. Suppose -31598 = -s*w - 4588. Is w a composite number?
True
Is (-4)/36 + 15817460/45 - 10 composite?
True
Let f be (216/60)/((-2)/10). Let n be (-2639)/(-2)*(-36)/f. Suppose 0 = -q - 6*q + n. Is q composite?
True
Let u(x) = -21*x**3 + 15*x**3 - x + 20715 - 7466 + 7*x**3. Is u(0) a composite number?
False
Is (-5)/5 + (121434 - 0/(-7)) a composite number?
True
Let m(s) = -714*s + 103. Let f(j) = -358*j + 52. Let b(n) = 5*f(n) - 3*m(n). Is b(8) prime?
True
Suppose -l - 3*q + 5084 = 3*l, 5*l = -4*q + 6356. Let w(t) = t**3 - 2*t**2 - 8*t - 6. Let y be w(-9). Let p = y + l. Is p a prime number?
True
Let r be (-4)/(-6) - (1 + (-128)/6). Suppose 4 = i, -5*i = -24*z + r*z + 22213. Is z a composite number?
False
Suppose -4*l - 233 = 39. Let d = 395 + -28. Let s = d + l. Is s composite?
True
Suppose 3*m + p - 894606 - 1120280 = 0, -4*m + 2686514 = 2*p. Is m composite?
True
Let d(c) be the first derivative of 2*c**4 - 7*c**3/3 - c**2/2 + c - 91. Is d(6) prime?
True
Suppose -24095856 = -192*n + 144*n. Is n prime?
True
Let g(c) = -165*c + 25*c + 66 - 43*c - 52. Suppose 4*t = -5*m - 61, -m - 4*t - 10 = 15. Is g(m) composite?
True
Suppose -1483327 = -5*m - 3*u, 207 = 5*u + 187. Is m composite?
False
Suppose -63*j = -1074173 + 183164. Is j a prime number?
True
Let h(q) = -68*q - 301. Let n be h(-11). Let g = n - -656. Is g a prime number?
True
Let r = 161 + -232. Let i = r - -116. Suppose 50*t = i*t + 2505. Is t prime?
False
Let o(d) = -102*d + 431. Is o(-13) prime?
False
Suppose -5*p - 16 = -2*b, 3*b - p - 16 - 8 = 0. Let y(i) = 31*i**3 + 13*i**2 - 29*i + 21. Is y(b) composite?
False
Suppose -52138103 = -317*z + 106811403. Is z composite?
True
Suppose -8 = 4*n, 2*x - n = -5*n + 340. Let d be (x/3)/(4/36). Let r = -319 + d. Is r prime?
False
Let o(f) = f**3 - 4*f**2 + 6*f + 2. Let j be o(6). Let s(x) = 377 - 5*x + x + j - x. Is s(0) prime?
True
Let w(c) = -22*c + 192. Let m be w(9). Let f(r) = 32*r**2 - 6*r - 101. Is f(m) a composite number?
False
Suppose 14*c - 107 = 33. Let t be 6/(-30) + 86992/c. Suppose 5*y + 2*o - t = 0, 1737 = y + 5*o - 6*o. Is y a prime number?
False
Suppose 0 = 32*v - 9*v - 92. Suppose -5*d + 46786 = v*n, 34020 = 4*n - 2*d - 12780. Is n a composite number?
False
Is (-13 + 106806/35)*5 a prime number?
True
Is (94894908/(-2286))/((6/21)/(3/(-7))) a prime number?
False
Let v = -30448 - -62069. Is v a pr